. Determine t(f).
6
Let n(j) = 5 + 0*j + 1 + 2*j. Determine n(-4).
-2
Let m(p) be the second derivative of p**4/12 - p**3/6 + 6*p**2 + 4*p. Calculate m(0).
12
Let m = 2 + 1. Let p(x) = 2*x**2 + m*x + 0 + 2 - 4*x. Give p(2).
8
Let o(n) = -n**2 + 2 + 4 - 1 - 2*n. Calculate o(-5).
-10
Let f(j) = -j**3 - j**2 + 2*j. Let p = 7 - 3. Suppose -2 = 2*g + 4*w - 2*w, 0 = -p*g - 3*w - 1. Determine f(g).
-8
Let p(o) = -4*o - 1. Suppose 0*c = 2*c - 4. Suppose -c*q + 23 = -9. Suppose -5*i - q = -6. Calculate p(i).
7
Let m(w) = -w**3 + 7*w**2 - 5*w. Let u(s) = s**2 - 15*s - 10. Let v be u(16). Determine m(v).
6
Let c(i) be the third derivative of i**5/60 + i**4/24 + i**3/6 - i**2. What is c(4)?
21
Let g(l) = 2212*l - l**2 - 2212*l. Give g(0).
0
Let a(s) = s + 2*s - 1 - 5*s - 3*s. Give a(2).
-11
Let y = -4 + 2. Let p(b) be the first derivative of b**5/60 - b**4/12 - b**3/3 - 3*b**2/2 + 4. Let v(m) be the second derivative of p(m). Determine v(y).
6
Let m(v) = -v**2 + v - 21. Let n(j) = -j**3 + 7*j**2 + 6*j + 16. Let y be n(8). Give m(y).
-21
Suppose 5*z - 3 = -18. Let k = 7 + z. Let l be 22/k - (-2)/4. Let g(j) = j**3 - 5*j**2 - 7*j. Determine g(l).
-6
Let c(r) = 2*r - 2. Suppose 30 = 5*j + 5*m, 3*m - 24 = -5*j - 0*m. Let k be c(j). Let g(f) = f + 1 + 2 - k. What is g(-1)?
-2
Let x(h) = -h + 1. Let b be x(-1). Let d(y) = -2*y**b + 2 + 2 + 3*y - 2*y**2 + 3*y**2. Suppose 2*a - 9 = u, a = 3*a + 2*u. What is d(a)?
4
Suppose 0 = f - 1 - 2. Let c(g) = 4*g - 3*g + f*g + 4*g. Calculate c(-1).
-8
Let j(r) = 7*r**2 - 2*r - 1. Suppose -9*f = 2 + 7. Determine j(f).
8
Suppose 5*s + 0*s - 5 = 0. Let w(m) = -m**2 - 5*m**2 + s + 7*m**2. What is w(2)?
5
Let c(r) = r**3 - 5*r**2 + 4*r + 1. Let u be 8/3 + 4/(-6). Let j = 5 - u. What is c(j)?
-5
Let u(f) = 16*f**3 + f**2 - 4*f + 7. Let o(v) = 17*v**3 + v**2 - 5*v + 8. Let g(x) = 6*o(x) - 7*u(x). Calculate g(-1).
10
Let p(l) = 5*l + 4. Let q(u) = -1. Let c(g) = -p(g) + 3*q(g). Let y(b) = -6*b - 7. Let d(m) = -7*c(m) + 6*y(m). Give d(5).
2
Let i(d) be the third derivative of -d**6/120 - d**4/24 + d**3/3 + 2*d**2. Determine i(2).
-8
Let j(b) = -b**2 - 6*b - 3. Let m be -1*2 - 7/(7/5). Calculate j(m).
-10
Let o = 22 - 12. Suppose -3*x - 2*x - 5*c = o, -5*c = x - 6. Let r(s) be the third derivative of s**6/120 + s**5/15 - s**4/24 + 4*s**2. Give r(x).
4
Let w(p) = p**3 - 3*p**2 + 2*p. Let g be ((-6)/(-15))/(2/10). What is w(g)?
0
Let u = -4 + 6. Let n(j) = -4 - 3*j + 4 + u - 1. Determine n(3).
-8
Let i(b) = b - 4. Let p be i(7). Suppose 0 = -4*y - 5*j - 51, -35 - 18 = 4*y + p*j. Let a be (-4)/18 - y/(-18). Let r(w) = -5*w - 1. Determine r(a).
4
Let c(m) be the first derivative of m**4/4 + 2*m**3 + 3*m**2/2 - 29. What is c(-4)?
20
Let j(m) = 5*m**2 - 2*m - 1. Let z = 21 + -13. Suppose 2*y + z - 2 = 0. Let w be 3/y*(-1 - -2). Give j(w).
6
Suppose 8 = 2*r - 3*t, 4 = t + 8. Let m be 2/4 + (-5)/r. Let z(k) = -k**3 + m + k + 0*k - 3*k**2 + k. Determine z(-3).
-3
Let k(x) = 2*x - 1. Let w(g) = g - 1. Let m(i) = 2*k(i) - 7*w(i). Determine m(-4).
17
Let b(d) = 10*d - 1. Let q(g) = -19*g + 2. Let m(s) = 5*b(s) + 2*q(s). Give m(1).
11
Let m(h) be the third derivative of -h**6/120 - h**5/10 - h**4/24 + 7*h**3/6 - 23*h**2. Determine m(-6).
13
Let p(d) be the second derivative of 3*d**5/10 - d**4/6 + d**2/2 + 18*d. Determine p(1).
5
Let x(z) = z. Let t be x(5). Suppose -3*u - 22 = t*j, 2*j - 3*u = 6 - 19. Let c(r) = -r - 1. What is c(j)?
4
Let u(n) be the third derivative of -5*n**4/24 + n**3/6 + 2*n**2. Let k(x) = 6*x - 2. Let i(h) = 3*k(h) + 4*u(h). Suppose 2*t - 3 = 1. Calculate i(t).
-6
Let j = -61 + 59. Let z(x) = -2*x**3 + 4*x + 3 + 0*x**3 + 0. Determine z(j).
11
Suppose -11*q = -6*q - 20. Suppose 10 = -q*f + 6. Let p(d) = 7*d**2 - 1. Give p(f).
6
Let k(t) = t - 11. Let c(u) = -2*u + 17. Let p(b) = 5*c(b) + 8*k(b). Let z = 19 + -22. Give p(z).
3
Let x(c) be the third derivative of -c**5/60 - c**4/24 - 23*c**2. What is x(0)?
0
Let g(h) = 1. Let t(z) = 6*z - 6. Let q(w) = -5*g(w) - t(w). What is q(-1)?
7
Let z(j) = j**2 + 2*j - 1. Let o(s) = -s**2 - s. Let w(r) = 2*o(r) + z(r). What is w(0)?
-1
Suppose -u - 20 = -6*u. Let r(t) = -t**2 + 2*t - 6. Calculate r(u).
-14
Suppose -m - 36 = -3*m. Let f be m/(-24) - 10/8. Let b(l) = -l**2 + 2*l. Determine b(f).
-8
Let s(m) = m**3 + 6*m**2 + 7*m + 7. Let g = 76 + -81. What is s(g)?
-3
Let l(v) be the second derivative of -v**4/12 + 2*v**3/3 - v**2 + 3*v. Let m(d) = -d. Let n be m(-4). Determine l(n).
-2
Let t(b) = b**2 - 4*b - 4. Suppose 0*r = -5*r + 20. Let h be t(r). Let y(m) = m**3 + 3*m**2 - 4*m. Give y(h).
0
Let g(a) = -a**2 + a - 1. Let l(w) = -8*w**2 + 9*w - 3. Let r(n) = 6*g(n) - l(n). Calculate r(3).
6
Suppose 2*d - 12 = -8. Let j(h) = 4*h**3 - h**2 - h - 1. What is j(d)?
25
Let i(n) = n - 1. Let v(m) = -m**3 + m**2 - m + 2. Let t(d) = 5*i(d) + v(d). Suppose -1 = -g + p, 0 = -3*g - p + 2*p + 5. Give t(g).
1
Let q(d) = -d**2 - 3*d + 1. Suppose 2*n + 1 + 9 = 0. Let c = n - -11. Suppose c*s = s - 25. Determine q(s).
-9
Let h be 4/(-3) - ((-70)/(-42) + -1). Let u(z) = -11*z**2 - 7*z - 5. Let p(w) = 6*w**2 + 4*w + 3. Let q(o) = -5*p(o) - 3*u(o). Calculate q(h).
10
Let j(v) = v + 12. Let n(t) = -t - 13. Let i(z) = 4*j(z) + 3*n(z). Let x be 486/(-117) - (-2 - 48/(-26)). What is i(x)?
5
Let b = -56 + 34. Let f be 6/(-33) - 114/b. Let s(v) = -9*v**2 + v. Let r(c) = 5*c**2. Let l(i) = -7*r(i) - 4*s(i). Give l(f).
5
Suppose -y = -1 - 2. Let k(j) = -3*j + 5. Let x be k(y). Let m(s) = -3*s - 6. What is m(x)?
6
Let o(w) = -2 + 2*w + 4*w - 3*w - 2*w. Suppose -d = -3*k, -2*d - 2 + 3 = -5*k. Let g be 3*2/d - -1. Give o(g).
1
Let o(p) be the second derivative of -p**4/12 + p**3 + p**2 - 11*p. Let m be (0 - 0)/(1 + -2). Let h(k) = k**3 - k + 6. Let q be h(m). Determine o(q).
2
Let h(y) = -y + 1. Let v = 7 - 7. Give h(v).
1
Let m = 6 + 0. Let j(v) = -7*v**2 + 4*v + 12. Let a(c) = 15*c**2 - 8*c - 25. Let b(d) = 6*a(d) + 13*j(d). Give b(m).
-6
Let l = -9 + 11. Let q be (-1)/(-2) - (-11)/l. Let n(x) = x**3 - 6*x**2 + x - 2. What is n(q)?
4
Let g(i) = i**2 + 7*i + 3. Let o be (-2)/4*36/3. Let z be g(o). Let q(m) = -7 + m - 3*m**2 + 3 + 5*m**2. What is q(z)?
11
Let v(m) = 2*m**2 + 1 - 3*m**2 + 0 + 53*m - 47*m. Give v(4).
9
Let l(b) = 5*b - 1. Suppose -3*k + 13 = -r, -4*r = -2*k - r + 4. Suppose -k*d - 5*p + 0*p - 15 = 0, 0 = -3*d + 3*p + 3. Determine l(d).
-6
Suppose -5*l + 10*l = 10. Let g(x) = -l + 0*x - 5*x + x. Let p = 27 - 29. Determine g(p).
6
Let a(b) = -b**3 + 10*b**2 - 2*b + 5. Suppose f + 47 = 5*p, 4*p - 3*f = 37 - 6. What is a(p)?
-15
Suppose -s - 12 = -2*s - 3*t, -3*s - 3*t = -6. Let o(m) = -m - 1. Let r be o(s). Let z(x) = 2*x + 3 - x**r - 6*x + 3*x. Calculate z(-3).
-3
Let k(b) = 4209*b**2 - 4209*b**2 - 6*b**3 + b. Calculate k(-1).
5
Let q(g) = -6*g + 1. Let a(y) = -26*y + 5. Let k(o) = 2*a(o) - 9*q(o). Calculate k(7).
15
Let j(x) = 3*x**3 - 41*x**2 + 4*x + 47. Let i(g) = -g**3 + 14*g**2 - g - 16. Let r(q) = 17*i(q) + 6*j(q). Calculate r(7).
10
Let c = -14 - -9. Let j(i) = -i**2 - 6*i - 7. What is j(c)?
-2
Let m(b) = -b**2 - b + 4. Let q = 12 + -7. Suppose -r - 5*l - 15 = 0, 8 + 7 = -q*l. Give m(r).
4
Let v(g) = 2*g + 1. Let u = -7 - -11. Suppose -q - 3*z - 10 = -6*q, u*q = -4*z + 8. Suppose 4*t + 10 = 3*m, 0 = q*t - 7*t - 4*m - 28. Determine v(t).
-7
Let p(m) be the first derivative of -m**4/4 - 5*m**3/3 - 5*m**2/2 - 4*m - 17. Calculate p(-3).
-7
Let x(z) = 3*z**2 - 7*z. Let p(t) be the first derivative of -t**3/3 + 2*t**2 + 1. Suppose -a - 3*a = 8. Let s(w) = a*x(w) - 5*p(w). Give s(-5).
5
Let d(l) = l**3 + l**2 + 2. Let a be d(0). Let k be 1/(4/(-48)*-2). Let i(v) = 8*v**2 - 1. Let j(p) = -17*p**2 + 2. Let g(z) = k*j(z) + 13*i(z). Give g(a).
7
Let s(a) = 9*a + 1. Let k(z) = -14*z - 2. Let v(m) = -5*k(m) - 8*s(m). What is v(6)?
-10
Suppose -2*p - 5*t = -6, -3*p - 4*t + 14 = -6*p. Let z = p + 2. Let m(w) = 4*w + z*w - 3*w. What is m(-3)?
-3
Let p(w) = w**3 - 3*w**2 - 4*w - 3. Suppose -r = -2*r. Suppose r*k + 4*k - 18 = -l, -2*k - 2*l + 12 = 0. What is p(k)?
-3
Let b(y) = y**2 + y - 1. Let n(i) = 4*i**2 + 9*i - 9. Let m(h) = 5*b(h) - n(h). Determine m(3).
1
Let i(k) = 3*k**2 + 17*k - 2*k**2 + 1 - 22*k. Give i(2).
-5
Let y(r) = 3*r - 3. Let b = -6 - -9. Determine y(b).
6
Let n(t) be the second derivativ